 what is 10 + -1323001?
-1322331
In base 3, what is 1100 + -11102122220?
-11102121120
In base 16, what is -7f4 + -25?
-819
In base 9, what is 3331511 - 4?
3331506
In base 7, what is 21 - -1632?
1653
In base 10, what is -4 - -196353?
196349
In base 12, what is -5 - -23440?
23437
In base 16, what is -225e8 + -6?
-225ee
In base 8, what is -333 - -25552?
25217
In base 14, what is -5 - -12d4?
12cd
In base 8, what is 2375 + 4?
2401
In base 5, what is 222 + -2022?
-1300
In base 13, what is -a769 + 1?
-a768
In base 5, what is 143343442 - -1?
143343443
In base 8, what is 11 - 23076?
-23065
In base 8, what is -4312 + -45?
-4357
In base 7, what is -1560 + -36?
-1626
In base 2, what is -1110000 - 11100101?
-101010101
In base 10, what is 1669 - 68?
1601
In base 3, what is -102200012 + 110101?
-102012211
In base 10, what is 2551 - 53?
2498
In base 12, what is -b - -72a4?
7295
In base 2, what is 100001100101111 + 111110?
100001101101101
In base 16, what is -5f7 + 9?
-5ee
In base 9, what is 26 - -5742?
5768
In base 15, what is -a + 2b7db?
2b7d1
In base 14, what is -3 + 47965?
47962
In base 2, what is 10001101110101 + 100?
10001101111001
In base 9, what is -6 + -550626?
-550633
In base 2, what is 1000111110010 + -100?
1000111101110
In base 12, what is -7 + 3976?
396b
In base 3, what is 11112121 + -1111000?
10001121
In base 3, what is -1 + -220022100211?
-220022100212
In base 6, what is -310 - -15302?
14552
In base 15, what is 3a54 - 5?
3a4e
In base 5, what is 30 - 2303?
-2223
In base 12, what is -19 - -100058?
10003b
In base 10, what is -5 - 4531?
-4536
In base 6, what is 431 - 5134?
-4303
In base 15, what is -358 + -27?
-380
In base 10, what is 46521 - -1?
46522
In base 13, what is 46 - 340?
-2c7
In base 4, what is 130313130 - -33?
130313223
In base 5, what is -201030 + -1?
-201031
In base 8, what is 1634 - -1030?
2664
In base 10, what is 27 + 117?
144
In base 13, what is -6955 + -3?
-6958
In base 12, what is -1 + -a536?
-a537
In base 10, what is -45 - -16046?
16001
In base 3, what is -101 - -111002010101?
111002010000
In base 15, what is 7 + 51e?
526
In base 13, what is 326 + -19cb?
-16a5
In base 13, what is 2b + -1041?
-1013
In base 10, what is -35 - 5081?
-5116
In base 14, what is -54ada + 1?
-54ad9
In base 6, what is -53014 + 100?
-52514
In base 16, what is -5 - 13b8f?
-13b94
In base 11, what is 249 + -44?
205
In base 13, what is 0 + -b660?
-b660
In base 12, what is 1 + -2a8312?
-2a8311
In base 15, what is 3 + -7018c?
-70189
In base 6, what is -3423 - 5130?
-12553
In base 12, what is -3 + -155504?
-155507
In base 3, what is 12 - 200122200?
-200122111
In base 4, what is 3103032202 + -3?
3103032133
In base 9, what is -1 - -438275?
438274
In base 3, what is -2 - -1220002100120?
1220002100111
In base 6, what is 14 + 1253000?
1253014
In base 4, what is 1232133023 + 3?
1232133032
In base 14, what is 12128 - -3?
1212b
In base 10, what is -261 + -5?
-266
In base 6, what is 10 + 131450?
131500
In base 11, what is -60 + a16?
966
In base 9, what is -175522 - -5?
-175516
In base 11, what is -18918 + 21?
-188a7
In base 2, what is 110100 - 1010001111101?
-1010001001001
In base 9, what is -100 - -1081?
881
In base 16, what is e0 - 320?
-240
In base 8, what is -34 + 5154?
5120
In base 4, what is 102221 + 2203?
111030
In base 3, what is -1 + 21211020212?
21211020211
In base 4, what is 11030121203 + -3?
11030121200
In base 5, what is 13214 - -111?
13330
In base 12, what is -3 + 2531?
252a
In base 4, what is 23132333 + -31?
23132302
In base 7, what is 4 - -6453?
6460
In base 14, what is 64 - -1142c?
11492
In base 13, what is 2 + -7784?
-7782
In base 2, what is -100100111101100110 - 1?
-100100111101100111
In base 3, what is 21202100 + -21?
21202002
In base 3, what is -1102001 + 1210?
-1100021
In base 3, what is 11010022112 + -10?
11010022102
In base 9, what is -5 + 15558?
15553
In base 7, what is -1113332 - 5?
-1113340
In base 2, what is -1011011 - -10111011?
1100000
In base 12, what is -4 - -362165?
362161
In base 9, what is -123 - 2754?
-2877
In base 3, what is 10 + -2021012?
-2021002
In base 11, what is 35218 - -6?
35223
In base 9, what is -12500 + 16?
-12473
In base 7, what is 2 + 125036?
125041
In base 4, what is -332 - 1202301?
-1203233
In base 8, what is 4512 - -1074?
5606
In base 2, what is -100001101101000 + -1011100?
-100001111000100
In base 14, what is a679 + -10?
a669
In base 9, what is -1 + 2633002?
2633001
In base 11, what is 311 - 2350?
-203a
In base 9, what is -1 - -17164?
17163
In base 16, what is -98 - f7c?
-1014
In base 13, what is -4b3 - -46?
-46a
In base 11, what is 1a + -766?
-747
In base 15, what is 553 + -28e?
2b4
In base 9, what is 5 + -24161?
-24155
In base 16, what is 2 - 2ded?
-2deb
In base 2, what is 100111010001 + -1000010?
100110001111
In base 9, what is 22 + -122?
-100
In base 7, what is 40113 + 13?
40126
In base 13, what is -7c3 + -c?
-802
In base 12, what is -50 + 548?
4b8
In base 7, what is 10 - -4033?
4043
In base 13, what is -921 + 101?
-820
In base 10, what is -2056 - -1038?
-1018
In base 13, what is 4 + 223aa?
223b1
In base 15, what is -2a66 - -3?
-2a63
In base 9, what is -3281 + 21?
-3260
In base 2, what is 100010010000101100 + -100011?
100010010000001001
In base 3, what is 111220211020 - -11?
111220211101
In base 2, what is -101001 - 11010010110?
-11010111111
In base 16, what is 5 + 1bb3ee?
1bb3f3
In base 14, what is 58a + -73?
517
In base 15, what is 7 + 3ed49?
3ed51
In base 9, what is 3028 - 3?
3025
In base 7, what is 2541 - 1062?
1446
In base 15, what is 0 - 5999?
-5999
In base 11, what is 2 + 63253?
63255
In base 11, what is -3 - -15948?
15945
In base 3, what is -21 - 1022110000?
-1022110021
In base 14, what is -691c - 4?
-6922
In base 2, what is -10001100111010 + -111?
-10001101000001
In base 8, what is -15104 - -571?
-14313
In base 5, what is -143002 + -1?
-143003
In base 10, what is -5 + 117618?
117613
In base 10, what is 23 - -3091?
3114
In base 12, what is -13 + -1b03?
-1b16
In base 2, what is -10100100011100 + -100000000?
-10101000011100
In base 14, what is 143c - -40?
147c
In base 6, what is 444 + 405?
1253
In base 12, what is 6 + -50558?
-50552
In base 16, what is 53e - -26?
564
In base 10, what is 12145 + 4?
12149
In base 15, what is c89 - 3?
c86
In base 5, what is -222411 - 233?
-223144
In base 5, what is -34 + -120412?
-121001
In base 11, what is -5 - -202281?
202277
In base 5, what is -10 + -10100?
-10110
In base 2, what is -11011010011111110 + -10?
-11011010100000000
In base 8, what is 5716467 - -4?
5716473
In base 10, what is -21 + -38?
-59
In base 11, what is 4689 + 6?
4694
In base 9, what is -2 + -10770?
-10772
In base 2, what is -110110111 - 1111011100001?
-10000010011000
In base 7, what is 24464616 - 5?
24464611
In base 9, what is 171674 + 0?
171674
In base 9, what is 58 - 4?
54
In base 7, what is 16446103 - 1?
16446102
In base 10, what is -5 - 323323?
-323328
In base 12, what is -16 - 889?
-8a3
In base 7, what is -11104 + -1335?
-12442
In base 6, what is 4540 + -2355?
2141
In base 10, what is 38803 - -35?
38838
In base 6, what is 4 + 331243?
331251
In base 3, what is -102110111111021 + 0?
-102110111111021
In base 12, what is 0 - 2a6962?
-2a6962
In base 9, what is 13573405 + 5?
13573411
In base 12, what is 3 + -24294?
-24291
In base 6, what is 2433 + 2420?
5253
In base 2, what is -11111011100 + 11101?
-11110111111
In base 10, what is 2168 + -45?
2123
In base 9, what is 0 + -150587?
-150587
In base 6, what is -325251 - 5?
-325300
In base 14, what is -5086 - -5?
-5081
In base 16, what is 2 + -38823?
-38821
In base 8, what is 6073 - 556?
5315
In base 4, what is 20312 + -123021?
-102103
In base 7, what is -325223 - 20?
-325243
In base 12, what is 72541 - 1?
72540
In base 11, what is 771680 + -2?
771679
In base 15, what is 1 - -3c1e?
3c20
In base 11, what is -36412 - 4?
-36416
In base 16, what is 1aa - 4e8?
-33e
In base 5, what is -4121 + -244?
-4420
In base 7, what is -25 + -20663?
-21021
In base 6, what is -1133 + -25011?
-30144
In base 10, what is 4 + 657471?
657475
In base 15, what is 175 + -dde?
-c69
In base 8, what is 10353 + 13?
10366
In base 4, what is 1033 + -231213?
-230120
In base 5, what is -3 - 12030113?
-12030121
In base 10, what is 1 + -1246537?
-1246536
In base 14, what is -4 + -d0925?
-d0929
In b